(m) = -m. Let v be c(-6). Let l(n) = 2*n + 2 + v - z - 3*n. Give l(5).
2
Let t be 2 + -1 + 0 - 1. Suppose t*s + 10 = 5*s. Let w(j) = 0*j - 2*j - 7 - s*j + 5*j. Calculate w(5).
-2
Let k(v) = v - 17. Let r be k(20). Let h(o) = -o**3 + o**2 - 2. Give h(r).
-20
Let a(s) be the first derivative of -3 - s + 1/2*s**2. Give a(-1).
-2
Let y(r) = 3*r + 8*r**2 + 18*r**2 + 14*r**2 + 3 - 39*r**2 - r**3. Give y(3).
-6
Suppose -11 = -5*g + 4. Let z be (5/g)/(2/(-6)). Let b(a) = -a**2 - 4*a - 3. What is b(z)?
-8
Let n(o) be the third derivative of o**9/60480 - o**8/20160 + o**7/2520 - o**6/360 + o**5/15 - 2*o**2. Let f(p) be the third derivative of n(p). Determine f(2).
6
Suppose 0*v = -v + k - 14, 4*v + 56 = k. Let r = 11 + v. Let i(q) be the first derivative of 2*q**3/3 + 3*q**2/2 - 2*q - 1. Determine i(r).
7
Let q(s) be the second derivative of s**5/20 - s**4/4 - 2*s**3/3 + 21*s. Calculate q(3).
-12
Let t(o) = -3*o**2. Let w(a) = -25*a + 1. Let m be w(1). Let j be ((-6)/m)/((-2)/(-8)). Calculate t(j).
-3
Let a(j) = j**2 - 5*j - 2. Let t be a(6). Let m(b) = -t*b**2 - 16 + 2*b + 3*b**2 + 17. Calculate m(-1).
-2
Let i be 20/(-30) - (-2)/3. Let w(v) = i*v + 4 - 3 + v. Let l be (-2)/((-1)/(-2) + 0). Give w(l).
-3
Let r = 93 - 90. Suppose 2 = g - 2. Let v(c) = -3 - g + 3 + 4*c. What is v(r)?
8
Let u(k) = 7*k**3 - 39*k + 23*k + k**2 + 16*k. Determine u(-1).
-6
Suppose 2*a - 2 = -0*k - 2*k, 3*k + 7 = -a. Let z(q) = -q**3 - 3*q**2 + 4*q - 1. Determine z(k).
-1
Let c(j) = -5*j + 8. Let i(g) = 14*g - 24. Let q(z) = 17*c(z) + 6*i(z). Determine q(-10).
2
Let l(a) = -a**2 + 3*a + 2. Let u be 2 + (-13)/5 - (-28)/(-20). Calculate l(u).
-8
Let b(t) = -159*t - 152*t + 313*t. Determine b(-3).
-6
Let r be 2/(-9) - (-178)/(-9). Let m be (3 - -2)*(1 + 0). Let o be (-12)/m - 8/r. Let c(s) = -s**2 - s. What is c(o)?
-2
Let c(k) = 2 - 4*k - 4 - 3*k**2 + 0*k**2 + 0 - 2*k**3. Determine c(-2).
10
Let c(o) be the first derivative of o**7/840 + o**6/180 - o**5/30 + o**4/12 - 5*o**3/3 + 2. Let t(r) be the third derivative of c(r). What is t(2)?
10
Let x(d) be the first derivative of d**3/3 + 3*d**2 + 5*d - 1. Give x(-4).
-3
Let w(z) = -4*z**2. Suppose 10*f - 2*f = 8. Determine w(f).
-4
Let b(f) = f**2 + 7*f + 3. Let h be 2/3*12/8. Suppose -2*g - 13 = -h. What is b(g)?
-3
Let r(n) be the second derivative of 5/24*n**4 - 1/12*n**5 + 0 - 1/2*n**2 - 1/120*n**6 - 4/3*n**3 + n. Let w(d) be the first derivative of r(d). Give w(-6).
-2
Let b(l) be the second derivative of -l**5/20 + l**3/6 + 5*l**2/2 + 10*l. What is b(0)?
5
Let z(u) be the first derivative of -u**5/60 - u**3/6 - 5*u**2 + 4. Let l(v) be the second derivative of z(v). What is l(0)?
-1
Let o = 10 + -8. Let f(k) = k**3 - k**2 - k - 2. What is f(o)?
0
Let v(g) be the third derivative of g**5/60 - g**4/4 + g**3/3 - 54*g**2 - g. Let m be (-5*2)/2*-1. Calculate v(m).
-3
Let f(d) = -d**3 + 7*d**2 - 5*d + 4. Let l(a) = a**2 + 6*a + 5. Let y be l(-7). Let s = 18 - y. Give f(s).
10
Let g(o) be the first derivative of -7 - 5/3*o**3 + 2*o - o**2 + 1/4*o**4. Calculate g(5).
-8
Let i(n) = -9*n + 14. Let u = 15 - 11. Let q(d) = 5*d - 7. Let v(z) = u*i(z) + 7*q(z). Give v(6).
1
Let o(i) = i**2 + 10*i**3 + 0 - 5 - 11*i**3. Give o(0).
-5
Let h(s) = -25 + 83 + s**3 - 31 - 21 + 7*s**2. Suppose -7 - 21 = 4*w. Determine h(w).
6
Let p be 24/(-3)*2/(-4). Suppose -p + 24 = 5*q. Let y(t) = -t + 8. Give y(q).
4
Let u(f) = 26*f - 6. Let m(o) = 8*o - 2. Let y(b) = -16*m(b) + 5*u(b). What is y(-6)?
-10
Let v(r) = -2*r + 2. Let s(k) = -k + 6. Let p be (-2)/((-3)/(6*1)). Let a be s(p). Suppose 3*l - 4 - a = 0. Calculate v(l).
-2
Let s(v) = 2*v - 2. Let d(y) = -3*y + 4. Let w(h) = 3*d(h) + 5*s(h). What is w(-3)?
-1
Let y(b) = b**2 - 4*b + 2. Let h = 72 + -68. Give y(h).
2
Suppose -2*r + 6*r = 20. Let l = r + 0. Let h(q) = -q**2 + 7*q - 7. What is h(l)?
3
Let m(y) be the first derivative of -y**7/840 + y**6/90 + y**5/40 - y**4/4 - 2*y**3/3 + 3. Let n(c) be the third derivative of m(c). What is n(4)?
6
Let h(f) = f**2 - 3*f + 4. Let r(m) = -m + 12. Suppose -2*v + 5*s = 4, s - 5*s + 16 = 0. Let i be r(v). Calculate h(i).
8
Let p(v) = -2*v**2 - 8*v + 1. Let n be p(-4). Let y(w) = -5*w**3. Calculate y(n).
-5
Suppose 4*u - 9*u - 2 = -k, -2*k + 4 = 0. Let c(l) = -l**3 - l**2 - l - 19. What is c(u)?
-19
Let k(t) = 4*t**2 - 2*t**3 + 2 - 2 - t**2 + 3*t. What is k(3)?
-18
Suppose 4 = -4*r, 4*a - 7*a - r = -11. Suppose -2*p = -5*y + 21, a*y - 9 = -0*p - p. Let n(u) = 4*u**3 - 3*u**y + u**2 - 4*u - 2*u**2 + 0*u**3. Give n(3).
6
Let g = 1609/12 - 134. Let c(z) be the third derivative of -4*z**2 - 1/2*z**3 + g*z**4 + 0 + 0*z. Determine c(4).
5
Let z(x) = x**2 - 2*x + 1. Let f be z(2). Let v(m) = 0 + m**2 - 3 + f - m**3 + 2*m. Determine v(2).
-2
Let d(g) = 3 + 4*g**2 - 2*g - 2*g**2 + 0 + g**3. Let k = -11 + 19. Let w = 5 - k. What is d(w)?
0
Let p(h) = -h**3 + 5*h**2 - h + 2. Let t = 2 + 2. Let s be ((-5)/t)/(3/(-12)). Calculate p(s).
-3
Let k(j) = -5*j - 3. Suppose -3*w + 3 = -0*w + 3*r, 4*r = w + 9. Let u(q) = 3*q + 1. Let i be u(w). Give k(i).
7
Let k(u) = -u**3 - 5*u**2 + 7*u - 7. Let m(j) = j**3 - 12*j**2 + j - 8. Let x be m(12). Suppose 0 = -4*w + 5*d + 10 - 24, 0 = -x*d - 8. Calculate k(w).
-13
Let d(b) = 1. Let g(c) = -4*c - 5 + 0*c**2 - 7*c - 5*c**2 - c**3 + 6*c. Let q(p) = -6*d(p) - g(p). Calculate q(-4).
-5
Let u = -16 - -19. Let q(b) = -8*b + 4*b**2 - u + 6 - 5*b**2. Calculate q(-6).
15
Let i(u) = u**3 - 4*u**2 - 5*u + 6. Let n be ((-4)/16)/(1/(-4)). Suppose -2*x + 3 = n. Let g(y) = 5*y**2 + y - 1. Let a be g(x). Give i(a).
6
Let g(z) be the third derivative of z**2 + 0*z + 0 + 1/60*z**5 - 1/24*z**4 + 1/2*z**3. Let l(h) = h**2 - 8*h + 7. Let x be l(7). Give g(x).
3
Let s(x) = x + 4. Let d(k) = -k - 1. Let c(z) = 2*d(z) + s(z). Suppose -4 = -2*w + 4*w. Determine c(w).
4
Let d(o) = -o - 14. Let k be d(-7). Let s(g) = -g**3 - 8*g**2 - 6*g + 2. Calculate s(k).
-5
Suppose -3*l + 12 = -0*l. Let t = -3 + l. Let h(x) = 4*x**3 + x**2 + x - 1. Calculate h(t).
5
Let v = -88 - -82. Let n(i) = -i**2 - 8*i - 8. Determine n(v).
4
Let j be 3/(-15) - (-6)/5. Let i = -8 - -13. Let c(x) = -1 + i*x + j. Determine c(-2).
-10
Suppose 3*w + 2 - 11 = 0. Let z(s) be the second derivative of s - 1/6*s**w + s**2 + 1/4*s**4 + 1/20*s**5 + 0. Determine z(-3).
5
Let u(f) = f**3 + 9*f**2 - 9*f + 8. Let n be 30/(-4)*(-9)/(108/(-16)). Determine u(n).
-2
Let r(x) = 3*x**2 - 1. Let b be (6 + -8)/(1*-1). Let o(y) = -y**3 + 3*y**2 - 3*y + 3. Let l be o(b). What is r(l)?
2
Let h(c) = -1 + 2*c**2 + 3 - c**2. Give h(0).
2
Let u(q) = 5*q**3 - 2*q**2 - 2*q - 1. Let t(v) = 6*v**3 - v**2 - 3*v. Let d(y) = -4*t(y) + 5*u(y). Calculate d(6).
7
Let r(t) = 5*t**2 - 12*t + 7. Let s(k) = 4*k**2 - 11*k + 6. Let o(m) = -3*r(m) + 4*s(m). Give o(8).
3
Let y(b) be the second derivative of -b**4/12 + 4*b**3/3 - 7*b**2/2 + 4*b. Give y(6).
5
Let z(y) = 2*y**2 + 1. Let p be (-1 - (-2 + 0))*1. Let k be z(p). Let q(n) be the first derivative of n**2/2 - 4*n + 5. Determine q(k).
-1
Let t(q) = q + 1. Suppose -17 - 8 = 5*p. What is t(p)?
-4
Let v(s) = -10*s + 5*s + 0*s + 11 + 6*s. Determine v(0).
11
Let w(o) be the second derivative of o**4/3 + o**3/3 + o**2/2 - o. Let g be (-6)/15 - (-12)/5. Suppose -g*p + 3*n + 4 = 0, 5*p = n - 4*n - 11. Calculate w(p).
3
Suppose 0 = 2*b + 3*p - 17, p + 2*p - 15 = 0. Let r(j) = 0*j - 2*j - 6*j + 2*j - 1. What is r(b)?
-7
Let b(j) = 6*j + 4 + 3 - 14*j + j**2. Determine b(6).
-5
Let j(i) be the third derivative of i**4/8 + 5*i**3/6 + 68*i**2. Suppose -t - 12 = 2*x + 3, -2*x + 4*t + 10 = 0. What is j(x)?
-10
Let z(r) = 3 + 8*r + 8 - 2 - 6*r. Suppose p + 6 = -1. Determine z(p).
-5
Let j(h) = 2*h**2 - 2*h - 4. Let y be 14/5 + 12/60. Determine j(y).
8
Let h(u) = u**2 - 12*u + 3*u + 2*u**2 - 2*u**2 + 10. What is h(7)?
-4
Let q(o) = o**2 + 1. Let f be (4/10)/((-8)/(-40)). Calculate q(f).
5
Let w(q) = -6 - 1 - 3*q + 4. Give w(-3).
6
Let p(x) = 2*x + 7. Let s be p(-3). Let f(r) = -4 - r + s + 0*r - 10. Give f(0).
-13
Let i(f) = -3*f - 1. Suppose 4*k = 4*p, 5*k + 2*p + 8 = 3*p. Give i(k).
5
Let g = 204 + -213. Let k(x) = -x**3 - 9*x**2 + 2*x + 5. Give k(g).
-13
Let x(z) be the third derivative of z**6/120 - z**5/12 - 5*z**4/24 - 5*z**3/6 - 5*z**2. Determine x(6).
1
Let g(c) = -c - 13. Let p(u) = -1. L